?
2346
In base 3, what is 12 + 10212021210?
10212021222
In base 14, what is 6c02 - a?
6bd6
In base 15, what is 387837 + -3?
387834
In base 2, what is -10111110011 - -1110101010?
-1001001001
In base 12, what is -4 - -25337?
25333
In base 13, what is 6720 - -1?
6721
In base 2, what is -100 - 1001111010111111111?
-1001111011000000011
In base 3, what is 222 + -100210201?
-100202202
In base 9, what is 253 + 106?
360
In base 2, what is 10001100111110010 - -10?
10001100111110100
In base 2, what is 11001101110111000100 + 11?
11001101110111000111
In base 10, what is -11 + -19696?
-19707
In base 6, what is 14330 + 10135?
24505
In base 14, what is 15b - -15a?
2b7
In base 8, what is -24 - 6217?
-6243
In base 15, what is -5 - 398b?
-3991
In base 2, what is 1100111001 - 1011100?
1011011101
In base 13, what is 1a021 + 12?
1a033
In base 2, what is 0 - -10110101111001?
10110101111001
In base 4, what is 2231 - 1130?
1101
In base 15, what is 3 + 3187?
318a
In base 12, what is 6 - -2397?
23a1
In base 7, what is -3563 + 35?
-3525
In base 3, what is -121200201 + 11201?
-121112000
In base 15, what is -14 - -5179?
5165
In base 8, what is -65 + 26002?
25715
In base 9, what is -4072 - -275?
-3686
In base 9, what is -137283 + -5?
-137288
In base 3, what is 21011 + 11001?
102012
In base 6, what is 13041 + -354?
12243
In base 16, what is 16 - 188?
-172
In base 5, what is -420110002 - -3?
-420104444
In base 9, what is 448486 + -3?
448483
In base 16, what is 4ae - 6f?
43f
In base 6, what is -2505325 - -4?
-2505321
In base 13, what is 2 + -6559?
-6557
In base 14, what is -b9d + -1d?
-bbc
In base 8, what is -2 - -342722?
342720
In base 9, what is 4 + -45558?
-45554
In base 9, what is 5000 + 28?
5028
In base 16, what is 43 + 7a7?
7ea
In base 15, what is -55 + -6c17?
-6c6c
In base 12, what is -b05 + -589?
-1492
In base 15, what is 188 + -21?
167
In base 6, what is -322 + 5212?
4450
In base 2, what is 1101101 - -1001011101000?
1001101010101
In base 11, what is 179 - 3058?
-298a
In base 6, what is 10 - 11440334?
-11440324
In base 9, what is 58 - 204?
-135
In base 16, what is 4a + -4?
46
In base 16, what is -4 + 17e4?
17e0
In base 6, what is -24 + -1201?
-1225
In base 10, what is -64892 + -2?
-64894
In base 11, what is 30a55a + 4?
30a563
In base 13, what is 4 + -15b7a9?
-15b7a5
In base 6, what is -5045 - -2211?
-2434
In base 15, what is -2a + 36e?
344
In base 5, what is -10 + 2304324?
2304314
In base 8, what is 1644 - -265?
2131
In base 7, what is -21324 + 15?
-21306
In base 11, what is 3 - 6861a?
-68617
In base 8, what is -5 + 143254?
143247
In base 8, what is -6427 - 531?
-7160
In base 5, what is -20412324 - 10?
-20412334
In base 12, what is 27 + -2996?
-296b
In base 2, what is -1111001010111111 - 11?
-1111001011000010
In base 11, what is -118 - -1618?
1500
In base 3, what is -200000201 + 1?
-200000200
In base 16, what is e21 + 68?
e89
In base 16, what is -292a1 + 1?
-292a0
In base 11, what is -8 - -17861?
17854
In base 5, what is -2304 + 213?
-2041
In base 12, what is 338 - -13?
34b
In base 8, what is -22 - -21307?
21265
In base 2, what is 1 + -1101111100?
-1101111011
In base 7, what is -324061 - -1?
-324060
In base 8, what is -10 + -2156?
-2166
In base 2, what is 10010000100 + 1110?
10010010010
In base 15, what is -2deb - d?
-2e09
In base 12, what is 222b - 2b?
2200
In base 9, what is -134845 + -5?
-134851
In base 13, what is 0 + 1bb0c8?
1bb0c8
In base 15, what is -5 - be54?
-be59
In base 12, what is 4168 + -161?
4007
In base 12, what is -534 + -4?
-538
In base 5, what is -3 + 3220234?
3220231
In base 10, what is -726417 - -2?
-726415
In base 11, what is 16 - -67a5?
6810
In base 14, what is -8a86 - -3?
-8a83
In base 13, what is 2 - -52c?
531
In base 7, what is 4 - -2413003?
2413010
In base 14, what is 7a44 - 13?
7a31
In base 14, what is 4d2 - 22?
4b0
In base 12, what is -308 + 4aa3?
4797
In base 15, what is 5921 - 0?
5921
In base 4, what is -231130 + -1011?
-232201
In base 13, what is 271252 - -2?
271254
In base 6, what is -35020 - -333?
-34243
In base 13, what is -10 - 5b07?
-5b17
In base 6, what is 42 - 54441?
-54355
In base 16, what is -2 + e3a?
e38
In base 6, what is -455205 + -224?
-455433
In base 13, what is -1 + 7296?
7295
In base 9, what is -80 + 217?
127
In base 12, what is -b52355 + -3?
-b52358
In base 2, what is 100 - -10100101101010100011?
10100101101010100111
In base 9, what is -507 + 48?
-448
In base 9, what is 5 - 245412?
-245406
In base 5, what is 21113 - -1320?
22433
In base 16, what is 416 + c1a?
1030
In base 3, what is -2 + -11212221111?
-11212221120
In base 16, what is 72 - -1e4?
256
In base 16, what is 4 - -75f4?
75f8
In base 3, what is -22 + -122101110?
-122101202
In base 2, what is 100010000011100110100 + -101?
100010000011100101111
In base 8, what is 6050 + 2?
6052
In base 3, what is -10102011 + 12?
-10101222
In base 4, what is -10 - -102012210?
102012200
In base 10, what is 5188 - -167?
5355
In base 8, what is 21 + -140255?
-140234
In base 2, what is -10001101001 + 100111?
-10001000010
In base 5, what is -2 - 131410?
-131412
In base 5, what is -1 - 124430?
-124431
In base 4, what is -1212 - -3120?
1302
In base 3, what is -1121 + 12102020?
12100122
In base 6, what is 140 + 1110542?
1111122
In base 5, what is 11312 - -4303?
21120
In base 13, what is -80708 + 5?
-80703
In base 7, what is 136335 + -5?
136330
In base 15, what is 3dc8 + 35?
3e0d
In base 12, what is -5525 + 1?
-5524
In base 5, what is 143241332 + -1?
143241331
In base 11, what is -715 - 99?
-803
In base 12, what is -110 + -5644?
-5754
In base 2, what is -1001110010000000 + 101?
-1001110001111011
In base 8, what is 1 - -252047?
252050
In base 13, what is 331c8 - 1?
331c7
In base 3, what is -1212020 + -10012000?
-12001020
In base 10, what is -119 + -5000?
-5119
In base 12, what is -16 + 507?
4b1
In base 14, what is 156311 - 3?
15630c
In base 15, what is 3b + -48e?
-453
In base 12, what is 241b9a + 1?
241b9b
In base 3, what is 202210022020 - 11?
202210022002
In base 12, what is 2a7 + -65?
242
In base 15, what is b7a7 - -3?
b7aa
In base 14, what is -18c8 + -179?
-1a63
In base 4, what is -21 + 301323?
301302
In base 6, what is -115224041 + 5?
-115224032
In base 2, what is -1000011010 - 1001010?
-1001100100
In base 8, what is -307 + 532?
223
In base 2, what is 110101100101011 - -1110111?
110101110100010
In base 6, what is -11325 - -1445?
-5440
In base 15, what is -1 - -2ed6e?
2ed6d
In base 16, what is 92 - d79?
-ce7
In base 13, what is -cbbb6 + -5?
-cbbbb
In base 16, what is -45499 + -3?
-4549c
In base 8, what is 3 - 6273325?
-6273322
In base 7, what is 5 - -12331?
12336
In base 8, what is 52 - -40516?
40570
In base 16, what is -81811 + 4?
-8180d
In base 4, what is -2203111 - -10?
-2203101
In base 6, what is -4213201 - -5?
-4213152
In base 14, what is -476a8 - -5?
-476a3
In base 9, what is -2 + 15256?
15254
In base 13, what is -255 - 963?
-bb8
In base 3, what is -1020110011101 + 1?
-1020110011100
In base 15, what is -6a7 - -2a9?
-3ed
In base 10, what is -16 + -13760?
-13776
In base 9, what is -3834 + -20?
-3854
In base 7, what is -531 + -54?
-615
In base 10, what is -179 - 2492?
-2671
In base 10, what is -1170 - -53?
-1117
In base 10, what is 1 + -1075?
-1074
In base 16, what is 0 - 2c59?
-2c59
In base 5, what is -104442 + -20?
-110012
In base 2, what is 10101000011000 + 10?
10101000011010
In base 15, what is d2c9 - 4?
d2c5
In base 6, what is -2 + 245543?
245541
In base 5, what is -24 + -21214?
-21243
In base 4, what is -1 - -1010013012?
1010013011
In base 10, what is -3 - -14867?
14864
In base 10, what is 1 + -14446?
-14445
In base 13, what is -1ba3c + 9?
-1ba33
In base 15, what is -a + 220?
215
In base 12, what is 13781 + -7?
13776
In base 15, what is -1b + -9c05?
-9c21
In base 2, what is 1011011 + 1111011110?
10000111001
In base 7, what is 4 - -12414?
12421
In base 2, what is -1000110000 - 101101001?
-1110011001
In base 12, what is 3 - 5965?
-5962
In base 16, what is 32395 + -4?
32391
In base 14, what is -172d + -9?
-1738
In base 15, what is 0 - -5e7c?
5e7c
In base 11, what is 522794 + -2?
522792
In base 5, what is 24 + 143402?
143431
In base 14, what is b + 1a2?
1ad
In base 3, what is -22001211 - -10221?
-21220220
In base 10, what is -2 + -29617?
-29619
In base 15, what is 8bcb + 2?
8bcd
I